 List the prime factors of w.
2, 13, 23
Let f(n) = -n**3 + 7*n**2 - 3*n - 1. Let o be f(3). Let k(p) = 13*p**3 + 3*p + 1 - 4 + o*p**3 + 1. What are the prime factors of k(1)?
2, 5
Suppose 2070 = 5*w + 470. Suppose 0 = -97*a + 144 - 11 + 61. Suppose -5*v - a*i = 2*i - w, -2*i = 5*v - 330. List the prime factors of v.
2, 17
Let l(o) = -11*o + 136. Let d be l(12). Suppose c - 196 = 5*y, 395 = 4*c - d*y - 437. List the prime factors of c.
211
Suppose -4*a + j = 4*j - 2236, 3*a + 3*j = 1680. Let c = a - -18. What are the prime factors of c?
2, 7, 41
Let u(x) = 31*x**2 - 7*x + 206. List the prime factors of u(-22).
2, 23, 167
Let m(y) = 0 - 2 + 3*y + y**3 + 8*y**2 + 2*y**2 - 13*y**2. Let r be m(3). Suppose 81 = 4*a - r. What are the prime factors of a?
2, 11
Suppose 2*g + 14 = -0*m - 2*m, -4*g - 10 = m. Let x be 8/m - (-21)/63. What are the prime factors of ((-30)/4 - (x + -1))*-28?
2, 7, 11
Suppose 2*h = 30*h + 840. Let x = 88 - h. What are the prime factors of x?
2, 59
Let v(x) = 280*x**2 - 38*x + 20. What are the prime factors of v(-6)?
2, 1291
Let h(w) = 2*w - 3. Suppose 4 = 7*m - 10. Let i be h(m). Let z(p) = 7*p**2 + 1. List the prime factors of z(i).
2
Let v = 456 + -451. Suppose -2*p = -4*b + 6560, v*b - 3*p - 8200 = -p. List the prime factors of b.
2, 5, 41
Suppose -14*a + 11*a = 0. Let l be (-9 + -1)*(a + 2)/(-4). Suppose 0*t = -l*t + 80. List the prime factors of t.
2
Suppose -2*v + 138 = -122. Suppose 133*q = v*q + 3105. List the prime factors of q.
3, 5, 23
Let o = 9 + -4. Suppose -3*t - o = -182. Let d = 15 + t. What are the prime factors of d?
2, 37
Let y(t) be the first derivative of t**4/4 - 7*t**3/3 + 6*t - 17. Let j be y(7). Suppose 0 = -j*c + 10*c - 196. What are the prime factors of c?
7
Suppose -8*b = -38*b. Suppose 25*w - 20*w - 3430 = b. What are the prime factors of w?
2, 7
Let r(y) = 21*y - 13. Let l be r(6). Let p = l + -5. Suppose k - 5*k + p = 0. What are the prime factors of k?
3
Suppose -35*y = 23*y + 7*y - 1697800. List the prime factors of y.
2, 5, 653
Suppose o = 1 - 5, -o + 1289 = n. Let a = n + -654. What are the prime factors of a?
3, 71
Let i = 8358 + -420. What are the prime factors of i?
2, 3, 7
Let n = -31 - -36. Let c be 95/38*8/n. Let o(f) = 4*f**2 - 6*f + 3. List the prime factors of o(c).
43
Let b be 1 + (7 - 4)/(-3). Suppose -4*m + 4*k - 44 = 0, b = -4*m + 5*m + 4*k + 16. What are the prime factors of 32/m*16*(-2 - 1)?
2
Suppose 38900 + 1819 = 49*u. What are the prime factors of u?
3, 277
Suppose 66*i - 64*i - 34 = 0. Suppose 5*z - 3*b = 6 + i, 0 = 2*b + 2. Suppose 168 = 2*t - 4*r, -z*r = -2*t - 5*r + 193. What are the prime factors of t?
2, 47
Suppose 5*j - 401 = -2*o, -3*o + 3*j = -44 - 589. Let u = -20 + 65. Let z = o - u. List the prime factors of z.
163
List the prime factors of 1 - 202085/(-117) - 4/18.
2, 3
Let u(a) = 12*a + 112. Let f be u(-9). Suppose -f*c = -z - c + 206, 973 = 5*z + 4*c. What are the prime factors of z?
197
Suppose -a + 7085 = y, -2*y + 28356 = 207*a - 203*a. List the prime factors of a.
41, 173
Suppose 313*j = 49*j - 1174747 + 3160027. List the prime factors of j.
2, 5, 47
Let b = -15572 - -27369. What are the prime factors of b?
47, 251
Let v = 13400 + -5707. What are the prime factors of v?
7, 157
Let m be (-14)/(-4)*4/7. Suppose -9*j + 10*j = -m. Let v(h) = -68*h. What are the prime factors of v(j)?
2, 17
Suppose 0 = 1430*r - 1458*r + 777812. List the prime factors of r.
27779
Let z(t) = -28*t - 2 + 3 - 26*t + 49*t. Let r be z(-7). Suppose -4*x + 66 = 4*o + o, 2*o - r = -4*x. What are the prime factors of o?
2, 5
Suppose 0 = -47*f + 53393 + 71768. What are the prime factors of f?
2663
Suppose 0 = 55*v - 180*v + 3640986 - 337861. What are the prime factors of v?
5, 7, 151
Let x = 31927 - 17077. Suppose -23*w = -9277 - x. List the prime factors of w.
1049
Suppose -5*g = 3*r - 154949, 0 = r - 5452*g + 5456*g - 51659. What are the prime factors of r?
43, 1201
Suppose 97*g - 11*g = 8*g + 978900. List the prime factors of g.
2, 5, 251
Suppose -13640 = 23*l + 9*l - 40*l. What are the prime factors of l?
5, 11, 31
Let d = 537 - -2904. List the prime factors of d.
3, 31, 37
Suppose -2*k + 6317 = 5*l, 6*k - 22*k = 2*l - 50346. What are the prime factors of k?
2, 11, 13
Suppose 5*a = -3*n + 3514 - 592, -n + a + 966 = 0. List the prime factors of n.
3, 17, 19
Let n = -102 - 205. Let r = 77 - n. What are the prime factors of r?
2, 3
Let g = 929 - 909. Suppose -15 = q - g, 4*b - 82 = -2*q. What are the prime factors of b?
2, 3
Suppose 3*b - 1130 = -5*x, -x = -4*x - 5*b + 694. Let y = -34 + x. Suppose 0 = -3*q - 2*z + 187, 0*z + 3*z = -3*q + y. List the prime factors of q.
61
Let q = 665 - 663. Suppose 0 = -q*k + 32*k - 12960. What are the prime factors of k?
2, 3
Let b = 3741 - -1189. List the prime factors of b.
2, 5, 17, 29
Suppose 3*x + 13*j - 14*j - 19263 = 0, -3*x - 2*j + 19254 = 0. Suppose 666 - x = -3*q. List the prime factors of q.
2, 7, 137
Let x = -98 - -113. What are the prime factors of 3/2*-2*(-1180)/x?
2, 59
Let w be 4 + (-12)/2 - (1 + -13). Let o be -6*2658/(-45) + (-4)/w. Let r = o + -182. List the prime factors of r.
2, 43
What are the prime factors of 785*1/(-1)*3*(-57)/9?
5, 19, 157
Let v(j) be the second derivative of 1/12*j**4 - 10*j + 0 + 4*j**2 - 5/6*j**3. List the prime factors of v(-7).
2, 23
Suppose -4*d = -5*d + 5*b + 998, 0 = 3*d + b - 2962. Suppose -v + d = -5*m, 3*m + 311 = 2*v - 1672. What are the prime factors of v?
3, 331
Suppose v - 2649 = f + 14798, 3*v = -5*f + 52357. What are the prime factors of v?
17449
Let r = -40 + 42. Suppose r*w = w. Let c(v) = 3*v + 7. List the prime factors of c(w).
7
Let o be (-6 + 4)*-1*(-1 + 6). Suppose -v + o = 2*c - 5*v, -5*v = -20. What are the prime factors of c?
13
Suppose 1568 = 45*z - 29*z. What are the prime factors of (-1)/(-2) + 182721/z?
5, 373
Let q(g) = -3*g**3 + 2*g**2 + 3*g + 17. Let u be q(0). Let l = -686 - -1154. Suppose u*o + l = 20*o. List the prime factors of o.
2, 3, 13
Suppose 9*g - 8717 - 4180 = 0. Suppose -472 - g = -5*v. What are the prime factors of v?
3, 127
Let n be 1/(1 - 84/88). Suppose 19*l - n*l = 318. Let c = l + 160. List the prime factors of c.
2, 3
Let h = -50015 + 143821. List the prime factors of h.
2, 17, 31, 89
Let v(h) = -h**2 - 11*h - 20. Let a be (-5 - (-66)/12)*-6. List the prime factors of v(a).
2
Suppose 3*y + 34 = 5*s, 0 = -5*s + 2*s - 2*y + 28. Suppose s*p = 9 + 7. Suppose -3*g - 186 = -4*r, p*g + g = -2*r + 84. What are the prime factors of r?
3, 5
Suppose -20*l + 106538 = 33139 - 206981. What are the prime factors of l?
3, 4673
Suppose 0 = -7*m + 12*m - 2*r + 6, -2*m - 4*r + 12 = 0. Suppose 0 = z - 2, 5*n - 2439 = -m*n - 2*z. What are the prime factors of n?
487
Suppose 5000 = 10*i + 10*i. Let y = 267 - i. What are the prime factors of y?
17
Suppose 4*t + 131 = 159. Suppose -2*q + t*q + 2*o - 1463 = 0, 16 = 4*o. What are the prime factors of q?
3, 97
Let i be 1/((0 + -2)/4). Let m be i - -2 - (-4 - -1). Suppose 2*x - r - 172 = -m*r, x - 4*r = 111. List the prime factors of x.
7, 13
Let t(q) = -q**2 + 55*q - 108. Let m be t(2). Let c(s) = 0*s + 37*s**2 + 2 + 15*s**2 + 2*s + 15*s**2. What are the prime factors of c(m)?
2, 7, 19
Let k = 208 - 356. Let y = 558 + k. List the prime factors of y.
2, 5, 41
Let a(v) = v**3 - 9*v**2 - 10*v + 9. Let k be a(10). List the prime factors of 1235/k + 26/(-117).
137
Let n = 36 + -34. Suppose -5*k + n = -4*j, 0 = -3*k + 2*j + 2 - 0. Suppose k*x + x + 5*f = 34, 3*f + 30 = x. What are the prime factors of x?
2, 3
Let s be (178905/(-20))/(48/(-64)). Suppose 5*c = s - 3657. List the prime factors of c.
2, 827
Let h(l) = 69*l**3 - 8*l**2 + 6*l - 36. Let w be h(6). Suppose 0 = 3*y - 27*y + w. List the prime factors of y.
3, 7, 29
Let s(u) = 6*u**2 + 137*u - 12. List the prime factors of s(39).
3, 61, 79
Let o(p) = 6*p - 33. Let w be o(8). Suppose 5*a = m + 1554, -628 = 13*a - w*a + 2*m. What are the prime factors of a?
2, 5, 31
Suppose -3*i + 1015 = -y, i - 5*y - 346 = -3. List the prime factors of 0 + 0 + (-4 - -2) + i.
2, 3, 7
Suppose -3*v = 2*o - 52 - 136, -112 = -2*v + 2*o. Let y = 50 - v. What are the prime factors of ((-656)/(-10) - 6) + (-4)/y?
2, 3, 5
Let o be (12/9)/(6/9). What are the prime factors of 4/((-12)/128*o/(-3))?
2
Let u b